mposite number?
True
Is 556234039 composite?
True
Is 15938066543 composite?
True
Is 577563929 a composite number?
False
Is 101179840961 prime?
True
Is 55481959177 composite?
False
Is 4179912937 a composite number?
True
Is 5628299273 prime?
True
Is 236824134943 a prime number?
False
Is 9854214493 composite?
False
Is 100319914663 a composite number?
True
Is 160281044347 prime?
False
Is 3279414689 a composite number?
False
Is 6812332279 a prime number?
False
Is 10622477227 a prime number?
True
Is 2765680661 a prime number?
True
Is 1081835407 prime?
True
Is 1880206753 composite?
True
Is 11736154879 composite?
False
Is 8750556587 prime?
True
Is 3371193869 a composite number?
True
Is 87989603699 a composite number?
False
Is 15384020869 prime?
False
Is 1321491799 a prime number?
True
Is 10992349453 composite?
False
Is 4479394937 composite?
False
Is 278124433 a composite number?
True
Is 7576862087 prime?
True
Is 4010319757 composite?
True
Is 2460448751 a prime number?
False
Is 25740489491 prime?
False
Is 869195933 a composite number?
False
Is 1439725099 a composite number?
False
Is 10211439311 prime?
True
Is 18563689007 a composite number?
False
Is 72807175789 a composite number?
False
Is 3138183761 composite?
False
Is 2201893349 a prime number?
True
Is 646182833 a composite number?
False
Is 1946618323 a composite number?
True
Is 4918241953 composite?
True
Is 3803277473 a prime number?
True
Is 4606993003 prime?
False
Is 20015846863 prime?
True
Is 10441100431 a prime number?
False
Is 55662764518 a prime number?
False
Is 72349037959 composite?
True
Is 738998231 a prime number?
True
Is 5064434941 a composite number?
False
Is 1149155113 prime?
True
Is 3847603219 a composite number?
False
Is 42695720279 a prime number?
True
Is 3344182942 a composite number?
True
Is 1090560743 composite?
True
Is 986276959 prime?
True
Is 213330129739 a composite number?
False
Is 455565839 prime?
True
Is 146395594489 a composite number?
True
Is 233619548263 a prime number?
True
Is 1643478421 a prime number?
False
Is 272011991 composite?
False
Is 5295295549 a prime number?
True
Is 85065461249 composite?
True
Is 1948714733 a prime number?
False
Is 53137439 a prime number?
False
Is 1182654509 a prime number?
True
Is 97752133 a prime number?
True
Is 2771916463 prime?
False
Is 4604330389 prime?
False
Is 13225108415 composite?
True
Is 596765293 composite?
False
Is 2031757757 a prime number?
False
Is 13198029707 a prime number?
True
Is 1746409361 a prime number?
False
Is 130933967 a prime number?
True
Is 57196273 prime?
False
Is 277846649 prime?
False
Is 71166498049 composite?
True
Is 31632585389 a composite number?
True
Is 2117613947 a prime number?
False
Is 270038389 a prime number?
False
Is 14695986061 a composite number?
True
Is 104459029 composite?
True
Is 8217071467 composite?
True
Is 396917503 composite?
False
Is 377215213 prime?
False
Is 116911151449 composite?
False
Is 11654158027 a composite number?
False
Is 15913346921 a prime number?
True
Is 4401080771 a prime number?
False
Is 20885175769 prime?
True
Is 217090213 composite?
True
Is 24842849351 composite?
False
Is 178057331 composite?
True
Is 162347147 composite?
False
Is 71084260993 composite?
False
Is 1835789491 composite?
False
Is 2006256929 a composite number?
True
Is 605348993 prime?
False
Is 11811972245 a prime number?
False
Is 644674906 a prime number?
False
Is 1886770673 prime?
True
Is 88911439 prime?
True
Is 225107794363 prime?
True
Is 1955959919 a composite number?
True
Is 4726410841 a composite number?
True
Is 25954739051 prime?
True
Is 25015378405 composite?
True
Is 9346638941 prime?
True
Is 8754557681 a composite number?
False
Is 184021337 prime?
False
Is 2298108689 prime?
True
Is 91346845 a prime number?
False
Is 10671671221 a composite number?
True
Is 9800193421 prime?
False
Is 2853789853 a prime number?
True
Is 928095899 a prime number?
True
Is 6886185919 a prime number?
True
Is 850904729 a prime number?
True
Is 19134774319 a composite number?
False
Is 301215829 composite?
True
Is 39448499009 a prime number?
True
Is 1046243447 a composite number?
True
Is 34521584161 composite?
False
Is 14663062871 a composite number?
False
Is 37141962901 prime?
False
Is 795556081 composite?
False
Is 443255669 a composite number?
True
Is 15438468173 prime?
False
Is 17808927143 a prime number?
False
Is 304159162205 a composite number?
True
Is 6401241866 prime?
False
Is 16272398413 prime?
True
Is 1179339914 a prime number?
False
Is 10874192887 a composite number?
True
Is 1141370029 prime?
True
Is 910866107 a prime number?
True
Is 26470671493 composite?
True
Is 6652468759 a composite number?
False
Is 13137976681 a composite number?
False
Is 20590902586 composite?
True
Is 12758353781 prime?
True
Is 8567873309 composite?
False
Is 5117406409 composite?
True
Is 583909619 a composite number?
True
Is 1051569671 a composite number?
False
Is 177817186765 a composite number?
True
Is 1102878761 a prime number?
True
Is 279176733029 a prime number?
True
Is 3147713417 a composite number?
False
Is 546262291 a prime number?
True
Is 3157368743 a prime number?
True
Is 113191278059 composite?
False
Is 529620699 a composite number?
True
Is 1148730731 composite?
True
Is 184351751 a prime number?
True
Is 109349599 a prime number?
False
Is 8434861043 a prime number?
False
Is 954130517 composite?
True
Is 9394075277 prime?
True
Is 3239907773 a prime number?
True
Is 201366929 a composite number?
False
Is 40828033627 composite?
True
Is 23269416711 prime?
False
Is 260094217 composite?
True
Is 6327285223 composite?
True
Is 4355487187 composite?
False
Is 90607090243 a prime number?
False
Is 536284778 prime?
False
Is 53813113 composite?
False
Is 741254617 a prime number?
True
Is 2503405543 composite?
True
Is 5826989911 a prime number?
False
Is 41644843 prime?
True
Is 3775283393 prime?
False
Is 8493362783 prime?
True
Is 8795037529 prime?
False
Is 1512866569 prime?
True
Is 3846069709 prime?
False
Is 2710106083 a prime number?
True
Is 14694649063 prime?
True
Is 32614847131 composite?
True
Is 37704543001 a prime number?
True
Is 24733561 a prime number?
False
Is 2379079541 a prime number?
False
Is 10155494861 a prime number?
False
Is 1337045065 prime?
False
Is 378958757 composite?
True
Is 720615503 prime?
True
Is 11077189945 composite?
True
Is 2745568499 prime?
True
Is 16740298067 a prime number?
False
Is 27280602301 prime?
True
Is 5048126617 a prime number?
True
Is 163230167137 composite?
True
Is 56339763017 prime?
True
Is 6080364701 a prime number?
False
Is 83649561571 composite?
False
Is 28563426733 a composite number?
False
Is 159204277 prime?
False
Is 1601357 a prime number?
False
Is 36836721253 a composite number?
True
Is 2006158603 a composite number?
True
Is 196595708765 prime?
False
Is 52214813143 prime?
True
Is 7582477381 prime?
True
Is 4311034037 a composite number?
False
Is 50882541371 prime?
False
Is 1286271863 prime?
False
Is 812252741 composite?
True
Is 35151897971 a composite number?
False
Is 1041376793 composite?
False
Is 2208320849 composite?
True
Is 306689969 prime?
True
Is 55711407067 a prime number?
True
Is 7880280971 a prime number?
True
Is 1248846513 a prime number?
False
Is 1687418209 composite?
True
Is 15694309769 a prime number?
True
Is 36080139541 a prime number?
False
Is 3340470031 a prime number?
True
Is 144529880861 a composite number?
False
Is 4887634207 composite?
False
Is 12505190791 composite?
False
Is 26775589903 a composite number?
False
Is 909473087 a prime number?
True
Is 5332060423 composite?
False
Is 1479921551 a composite number?
False
Is 3083392651 prime?
True
Is 1259690489 composite?
False
Is 150059029 prime?
False
Is 4707590941 a composite number?
True
Is 216662992919 composite?
True
Is 14841840113 composite?
False
Is 439443379 a composite number?
False
Is 64555851757 a prime number?
False
Is 3279745351 a composite number?
True
Is 240338927 a composite number?
False
Is 800101487 prime?
True
Is 11866360729 a prime number?
True
Is 6328877722 composite?
True
Is 85564349349 prime?
False
Is 5991013879 prime?
True
Is 378203773 composite?
True
Is 2301044849 prime?
True
Is 179212531 a prime number?
False
Is 2547797965 a prime number?
False
Is 259480077 a composite number?
True
Is 50298077647 a prime number?
True
Is 31257